 of k.
3, 13
Let j be 63/6 - 2/((-8)/6). Let o = j + -5. Suppose o*t = -56 + 1358. List the prime factors of t.
2, 3, 31
Let u be (-1)/4 + (-42)/(-8). Suppose -u*t - 5*y = -0*t, 8 = -3*t - 5*y. Suppose t*q = 2*q + 116. List the prime factors of q.
2, 29
Let m(w) = 9*w**3 + 29*w**2 + 21*w + 2. Let v(o) = -5*o**3 - 14*o**2 - 10*o - 1. Let k(i) = 4*m(i) + 7*v(i). What are the prime factors of k(-14)?
19, 31
Let d = -7919 - -14667. What are the prime factors of d?
2, 7, 241
Suppose 3 = 3*t - 3*h, -2*h - 7 = t - 7*h. Suppose 3*a = z + t, -2*z + 4 = -5*z + 4*a. Suppose 4*m + m - 1335 = z. What are the prime factors of m?
3, 89
Let a(f) = 430*f**2 - 53*f + 219. List the prime factors of a(7).
2, 10459
Suppose -19*x + 76318 = 11357. List the prime factors of x.
13, 263
Let m(q) = -1348*q**2 - q - 22. Let d(h) = 337*h**2 + 5. Let y(v) = 9*d(v) + 2*m(v). List the prime factors of y(1).
2, 3, 7
Let q = 231 - 137. Suppose q*i = 89*i + 3655. What are the prime factors of i?
17, 43
Let o be (1 + 2/10)/((-33)/(-110)). Suppose 0 = -4*x + z - 2*z + 888, -4*x + 868 = -o*z. What are the prime factors of x?
13, 17
Let u = -5 - -10. Suppose -u*y = -478 + 38. Let l = y - -16. List the prime factors of l.
2, 13
Suppose 326 - 3207 = -3*x + 10229. What are the prime factors of x?
2, 5, 19, 23
Let a be (-6)/10 - (-65)/25. Let d be 1/(-1)*(a - 7). Suppose -d*n = -0*n - 630. What are the prime factors of n?
2, 3, 7
Suppose -4*z - l + 60 = 0, 32 = -z + 4*z + 4*l. Suppose -z = -2*v + 4*k - k, 0 = -2*v - 3*k + 4. Suppose 353 = v*d - 102. List the prime factors of d.
7, 13
Let h = 41 + -37. Suppose 3*c - 14 = -h*c. Suppose -3*f = c*f + 3*a - 254, -55 = -f - 2*a. List the prime factors of f.
7
Suppose 9 = 4*l + 1, -6 = -c - 2*l. Suppose -3*w + v = -45, 2*w - c*v - 24 - 10 = 0. Let z = 28 - w. List the prime factors of z.
2, 7
Suppose 762 = 2*v + 2*h + h, 4*v - 1524 = -h. Suppose -1239*x = -1202*x + 7844. Let j = v + x. What are the prime factors of j?
13
Let q(j) = 2*j - 27. Let o be q(15). Suppose -2*l + 1 = -3. Suppose -l*z - 30 = -2*f - o*f, f + z = 6. What are the prime factors of f?
2, 3
Suppose 22 = -3*z - 4*i, 0 = -10*z + 5*z - 2*i - 18. Suppose -5*g + 140 = -55. List the prime factors of (z + 14/6)*g.
13
Suppose 1267093 = 266*u - 243*u. List the prime factors of u.
89, 619
Suppose -2*x + 29 = t + 5, 2*t = 2*x + 66. Suppose t = m + 27. Suppose -5*n - 5*k + 430 = 0, -n - 2*k - m + 86 = 0. What are the prime factors of n?
89
Let o(x) = x**2 - 11*x - 11. Let v be o(12). Let t(n) = -n**3 + 12*n**2 - 10*n - 6. Let h be t(11). List the prime factors of v*58/h*(-20)/(-8).
29
Suppose -760*f + 34722 = 2*g - 755*f, 4*f + 17309 = g. What are the prime factors of g?
17341
Let l = 193987 - 112672. List the prime factors of l.
3, 5, 13, 139
Let x = 35498 + -17575. List the prime factors of x.
17923
Let n(y) = 118*y**2 - 1. Let d(t) = -t**3 + 5*t**2 + 8. Let v be d(5). Let o be 2/(((-15)/10)/((-6)/v)). List the prime factors of n(o).
3, 13
Suppose -2*r + 7*r - 15 = 0. Suppose 5*l = -4*u + 17, -r*l = -0*l + 2*u - 11. Suppose 78 = 2*a + 2*o, -l*a + 42 + 152 = 4*o. What are the prime factors of a?
2, 19
Suppose -22448 = -6378*o + 6376*o. What are the prime factors of o?
2, 23, 61
Suppose -12*v + 10*v + 239162 = 20*v. List the prime factors of v.
7, 1553
Suppose 4*i - f - 109397 = 0, 54887 = 2*i - 5*f + 184. What are the prime factors of i?
7, 3907
Suppose 0*r = 4*r - 352. Suppose -4*g = 5*x - 1080, -5*x - 26*g + 28*g = -1110. Suppose 2*c - 4*u - r = -2*u, -5*c + x = -u. What are the prime factors of c?
2, 11
Let f(y) = -13*y - 18 - 10*y + 7*y. Suppose 10*k - 7*k = -18. List the prime factors of f(k).
2, 3, 13
Suppose -19 = 2*t - 2*y + 17, -y + 31 = -2*t. Let j(a) = -a**3 - 14*a**2 - 13*a - 15. Let z be j(t). What are the prime factors of (-36)/(-15)*(-100)/z?
2
Suppose 7*f - 6*f - 3 = 0. Let n(k) = -7*k**2 + k**f - 14 - 6*k**3 + 3*k**3 - 15*k - 4*k**2. List the prime factors of n(-6).
2, 7
Suppose -33 = 4*b + 47. Let a = b + 28. List the prime factors of 825/(-44)*a/(-3).
2, 5
Let z = -9 + -1. Let c(l) = 0*l + 12 + 10184*l**2 + 4*l - 10173*l**2 + l**3. List the prime factors of c(z).
2, 3
Suppose -l - 2*l - 165630 = -9*l. List the prime factors of l.
5, 5521
Let a be 1/((91/28)/13). Let t(v) = 388*v - 127. List the prime factors of t(a).
3, 5, 19
Suppose 0 = 5*y + s - 0*s - 3307, -2*y + 1336 = -4*s. What are the prime factors of (-2*3 + 1)*y/(-10)?
331
Suppose -3*w - 9 = 0, 3*w = -0*d - 3*d + 6. Suppose -d*n - 4 = -19. Suppose -5*b - 32 = -c, -c + n = b - 5. What are the prime factors of c?
2, 3
Let i(c) = 49*c**2 - c - 32. Let h be i(-6). Let f = h - 981. List the prime factors of f.
757
What are the prime factors of (-1 + 4)*800823/279?
79, 109
Let r(v) = -v + 4. Let i be r(5). Let j be -1 - i*(-9)/(-3). Suppose j*s - 47 = 47. List the prime factors of s.
47
Suppose -2*z + 4*c + 18542 = 0, -2*z - 32*c + 18560 = -33*c. List the prime factors of z.
9283
Suppose 30*k + 42 = 31*k - 2*j, -159 = -3*k - 5*j. Let x = -246 - -360. Let s = x - k. What are the prime factors of s?
2, 3, 11
Let x(a) = -a**3 - 98*a + 102. List the prime factors of x(-31).
3, 3659
Let g(x) = x**3 + x + 5. Let j be g(-2). What are the prime factors of (32/j + 6)*(-2 + -208)?
2, 3, 7
Let q = 1837 - -2095. List the prime factors of q.
2, 983
Suppose -5*f = -3*p + 4, -3*f - 3 = 3*p - 15. Suppose 4*d + w = -0*w - 1343, 5*d - p*w + 1666 = 0. List the prime factors of 36/(-48) + d/(-4).
83
Suppose -3*r = -4*m - 200710, 2*r - 3*m - 80910 - 52895 = 0. List the prime factors of r.
2, 5, 6691
Let k(h) = 15*h**2 - 75*h + 1758. List the prime factors of k(18).
2, 3, 439
Suppose 10*c - 2612 = 7*c + 2*x, c - 4*x - 864 = 0. List the prime factors of c.
2, 109
What are the prime factors of (483/63)/(-3*3/(-3753))?
23, 139
Let l(f) = 29*f**2 - 4*f - 33. Let k be l(12). Suppose 15*s + 240 = k. List the prime factors of s.
257
Suppose 10*v - 17380 = 19*v - 14*v. What are the prime factors of v?
2, 11, 79
Let i(r) = 14*r + 73. Let b be i(-4). Suppose -b*u + 5675 = 8*u. List the prime factors of u.
227
Let i = 236 + -242. What are the prime factors of 340/55 + i + 11020/11?
2, 3, 167
Suppose -2*p + 3 = -3*z, -5*z + 0 = p - 8. Suppose -4*w = 5*r - 0*r - 820, p*w - 614 = -4*r. List the prime factors of w.
2, 3, 5, 7
Let s = -343 + 890. Let p = s - 390. Let t = p + -77. What are the prime factors of t?
2, 5
Suppose j + 6 + 1 = -4*l, -2*j + 13 = -l. Suppose -j*d - 3*o - 1000 = -7*d, -4*d = -4*o - 1992. What are the prime factors of d?
2, 13, 19
Let k(p) = 23*p**2 + 10*p + 22. Suppose s - 7 = q, 3*s - 4 = 5. Let n be k(q). List the prime factors of 2 + 9/(-2)*n/(-15).
107
Let j(z) = 16*z**2 + 7*z - 6. List the prime factors of j(-14).
2, 379
Let t(v) = -1927*v - 73. Let s be t(-2). Suppose -3775 = -5*c + 5*k, -2*k - s = -8*c + 3*c. What are the prime factors of c?
757
Suppose 0 = -4*q - 4, 10*j - 5*j - 99 = -q. Let k(i) = -i**3 - 4*i**2 - i - 2. Let u be k(-4). What are the prime factors of u/((-20)/(-25))*j?
2, 5
Suppose -4*z = -m - 30102 - 50863, -2*z + 2*m + 40472 = 0. List the prime factors of z.
31, 653
Suppose -13*f + 15*f - 3895 = -5*h, 7804 = 4*f - 4*h. Let n = f + -985. List the prime factors of n.
5, 193
What are the prime factors of 46933/4 + (-153)/68?
11731
What are the prime factors of 6 + (290/(-2465) - 942006/(-17))?
2, 11, 229
Let y(s) = 7*s**2 - 11*s + 30. Let w be y(-8). Let h = w + -478. List the prime factors of h.
2, 11
Suppose 9 = 3*q + 4*a, -q - 5*a = -5 + 2. Suppose -121 - 548 = -q*v. Let f = v + -58. What are the prime factors of f?
3, 5, 11
Let l be (26/6 - 4)*30. Suppose 2*u - l = 0, 241 = 5*o + 2*u - 389. List the prime factors of o.
2, 31
Suppose -m = 5*w - 805, 5*w - 644 = w + 4*m. Let a = 469 - w. List the prime factors of a.
2, 7, 11
Let g(m) = 49*m**2 - 23*m + 58. List the prime factors of g(12).
2, 13, 263
List the prime factors of (0 + (2 - -7212))/(1/7*2).
7, 3607
Suppose 9*s + 136 = -80. Let f be 3/24 - 4941/s. What are the prime factors of (-4)/(-6) + f/6?
5, 7
Let u(s) = -16*s + 48. Let c be u(-29). Let z = c + -157. What are the prime factors of z?
5, 71
Let m be (-9)/36 - (-13)/4. Suppose 5*g + 4*o = 10, 3*g - 2 - 4 = -m*o. Let i(k) = 15*k**3 + 2*k**2 - 3*k + 2. List the prime factors of i(g).
2,